2, 2917
List the prime factors of 1113280.
2, 5, 7, 71
What are the prime factors of 646741?
19, 34039
List the prime factors of 988451.
67, 14753
List the prime factors of 993373.
131, 7583
List the prime factors of 174887.
47, 61
List the prime factors of 643717.
269, 2393
List the prime factors of 4174882.
2, 1283, 1627
What are the prime factors of 295617?
3, 7, 2011
List the prime factors of 5513198.
2, 2756599
What are the prime factors of 23722503?
3, 7, 1129643
What are the prime factors of 20562326?
2, 59, 174257
What are the prime factors of 1099695?
3, 5, 167, 439
What are the prime factors of 206186?
2, 103093
What are the prime factors of 4574751?
3, 17, 271, 331
What are the prime factors of 333892?
2, 13, 6421
List the prime factors of 798936.
2, 3, 33289
What are the prime factors of 22420303?
4397, 5099
List the prime factors of 8220820.
2, 5, 411041
What are the prime factors of 741709?
741709
What are the prime factors of 10860374?
2, 7, 775741
List the prime factors of 205999.
113, 1823
What are the prime factors of 12792293?
409, 31277
What are the prime factors of 904503?
3, 301501
What are the prime factors of 7669182?
2, 3, 1278197
List the prime factors of 14996988.
2, 3, 37, 139
What are the prime factors of 2323743?
3, 211, 3671
List the prime factors of 20105.
5, 4021
List the prime factors of 197773.
197773
What are the prime factors of 1185886?
2, 13, 17, 2683
List the prime factors of 1809464.
2, 226183
What are the prime factors of 570204?
2, 3, 47, 337
List the prime factors of 1037525.
5, 47, 883
What are the prime factors of 2795290?
2, 5, 139, 2011
What are the prime factors of 151889?
67, 2267
List the prime factors of 190991.
31, 61, 101
What are the prime factors of 291812?
2, 72953
What are the prime factors of 10213770?
2, 3, 5, 7, 17, 2861
List the prime factors of 2726983.
7, 389569
List the prime factors of 3367068.
2, 3, 280589
List the prime factors of 15421.
7, 2203
List the prime factors of 205759.
205759
What are the prime factors of 11792363?
11, 43, 107, 233
List the prime factors of 580147.
59, 9833
What are the prime factors of 1843943?
1843943
What are the prime factors of 23847102?
2, 3, 441613
List the prime factors of 273637.
7, 13, 31, 97
What are the prime factors of 3522239?
7, 19, 71, 373
List the prime factors of 660180.
2, 3, 5, 11003
What are the prime factors of 1185788?
2, 23, 12889
List the prime factors of 213220.
2, 5, 7, 1523
What are the prime factors of 1161724?
2, 359, 809
List the prime factors of 509914.
2, 137, 1861
List the prime factors of 338999.
338999
List the prime factors of 308383.
308383
What are the prime factors of 287893?
223, 1291
List the prime factors of 2090130.
2, 3, 5, 7, 37, 269
What are the prime factors of 5826616?
2, 19, 38333
List the prime factors of 5043327.
3, 659, 2551
What are the prime factors of 66361?
66361
List the prime factors of 505263.
3, 11, 61, 251
What are the prime factors of 12717049?
2579, 4931
What are the prime factors of 187816?
2, 17, 1381
What are the prime factors of 144402?
2, 3, 41, 587
What are the prime factors of 20727594?
2, 3, 19, 60607
What are the prime factors of 2909300?
2, 5, 47, 619
List the prime factors of 14410459.
7, 42013
What are the prime factors of 348214?
2, 43, 4049
What are the prime factors of 346738?
2, 7, 24767
List the prime factors of 959068.
2, 11, 71, 307
List the prime factors of 1052761.
37, 769
What are the prime factors of 1751323?
7, 17, 14717
List the prime factors of 1065069.
3, 487
What are the prime factors of 588935?
5, 117787
List the prime factors of 13125974.
2, 6562987
List the prime factors of 9461451.
3, 211, 14947
List the prime factors of 142299.
3, 97, 163
What are the prime factors of 716125?
5, 17, 337
List the prime factors of 2576537.
17, 151561
What are the prime factors of 19469981?
17, 1145293
List the prime factors of 11966472.
2, 3, 7, 23743
What are the prime factors of 1031473?
137, 7529
List the prime factors of 25515139.
13, 31, 63313
What are the prime factors of 3448992?
2, 3, 37, 971
What are the prime factors of 12353789?
7, 613, 2879
What are the prime factors of 1541429?
1541429
What are the prime factors of 399275?
5, 15971
What are the prime factors of 557987?
557987
List the prime factors of 3143106.
2, 3, 174617
List the prime factors of 57353.
83, 691
List the prime factors of 303982.
2, 7, 21713
What are the prime factors of 1825153?
11, 277, 599
List the prime factors of 974191.
71, 13721
List the prime factors of 303777.
3, 11251
List the prime factors of 36151.
36151
What are the prime factors of 170151?
3, 43, 1319
What are the prime factors of 121032?
2, 3, 41
List the prime factors of 482367.
3, 160789
List the prime factors of 708461.
13, 54497
List the prime factors of 7058220.
2, 3, 5, 13, 9049
What are the prime factors of 3408282?
2, 3, 189349
List the prime factors of 286000.
2, 5, 11, 13
What are the prime factors of 291277?
7, 41611
What are the prime factors of 736242?
2, 3, 13, 9439
What are the prime factors of 2763412?
2, 47, 14699
List the prime factors of 21514105.
5, 349, 12329
What are the prime factors of 3893464?
2, 486683
What are the prime factors of 11824816?
2, 739051
List the prime factors of 2543031.
3, 282559
List the prime factors of 1432307.
37, 38711
List the prime factors of 2022627.
3, 83, 8123
List the prime factors of 5750528.
2, 7, 3209
What are the prime factors of 3203655?
3, 5, 7, 13, 2347
List the prime factors of 10900523.
1759, 6197
What are the prime factors of 391226?
2, 11, 17783
List the prime factors of 11836648.
2, 1479581
List the prime factors of 3998316.
2, 3, 7, 47599
List the prime factors of 2014626.
2, 3, 335771
List the prime factors of 554867.
229, 2423
List the prime factors of 92385.
3, 5, 2053
List the prime factors of 106367.
106367
List the prime factors of 261838.
2, 89, 1471
What are the prime factors of 764865?
3, 5, 23, 739
List the prime factors of 10881765.
3, 5, 241817
List the prime factors of 91856.
2, 5741
What are the prime factors of 74120?
2, 5, 17, 109
What are the prime factors of 586685?
5, 11, 10667
List the prime factors of 526950.
2, 3, 5, 1171
What are the prime factors of 556607?
556607
What are the prime factors of 13081401?
3, 1453489
List the prime factors of 345068.
2, 281, 307
List the prime factors of 15078190.
2, 5, 257, 5867
What are the prime factors of 724433?
724433
List the prime factors of 29050.
2, 5, 7, 83
List the prime factors of 99859.
99859
What are the prime factors of 4185658?
2, 2092829
What are the prime factors of 77490?
2, 3, 5, 7, 41
List the prime factors of 21282543.
3, 2364727
What are the prime factors of 1167218?
2, 13, 44893
List the prime factors of 2299219.
13, 149, 1187
What are the prime factors of 3178346?
2, 67, 23719
List the prime factors of 687309.
3, 7, 23, 1423
What are the prime factors of 683730?
2, 3, 5, 71, 107
What are the prime factors of 48887?
19, 31, 83
What are the prime factors of 1380161?
23, 2609
What are the prime factors of 3218445?
3, 5, 37, 1933
What are the prime factors of 317491?
317491
What are the prime factors of 1452963?
3, 97, 4993
What are the prime factors of 4727470?
2, 5, 11, 3907
List the prime factors of 1168.
2, 73
List the prime factors of 1138295.
5, 97, 2347
List the prime factors of 22909990.
2, 5, 2290999
List the prime factors of 17970022.
2, 7, 1283573
What are the prime factors of 2523262?
2, 7, 180233
What are the prime factors of 316076?
2, 31, 2549
What are the prime factors of 495914?
2, 247957
What are the prime factors of 9807628?
2, 2451907
List the prime factors of 336908.
2, 11, 13, 19, 31
List the prime factors of 26824496.
2, 41, 103, 397
List the prime factors of 42940.
2, 5, 19, 113
What are the prime factors of 44013?
3, 17, 863
List the prime factors of 1034725.
5, 41389
What are the prime factors of 8000?
2, 5
What are the prime factors of 241290?
2, 3, 5, 7, 383
What are the prime factors of 2183860?
2, 5, 7, 19, 821
What are the prime factors of 5679201?
3, 11, 172097
What are the prime factors of 483921?
3, 17923
List the prime factors of 218302.
2, 7, 31, 503
List the prime factors of 778271.
13, 131, 457
What are the prime factors of 34372275?
3, 5, 7, 47, 